4*d - 2*r, -5*d - g*r + 460 = -r. Calculate the greatest common factor of d and q.
18
Let d(v) = -8*v**3 + 2*v + 7*v**3 + 12*v**2 + 4 - 3*v**2. Let g be d(8). Suppose o - 6*o + 105 = 0. Calculate the greatest common divisor of g and o.
21
Let j be 27 + (2/(-10))/(5/(-25)). Let l = 4 + 0. Calculate the highest common factor of j and l.
4
Let y(c) = 4*c + 2. Let q = -1 - -3. Let f be y(q). Calculate the greatest common divisor of 100 and f.
10
Suppose -6*j + 25 = -j. Suppose -j*d + z = -160, -d + 0*z = 2*z - 32. Let y = 180 - 100. What is the greatest common factor of d and y?
16
Let f be 1/(-2) + (0 - (-39)/6). What is the highest common divisor of 30 and f?
6
Suppose -r = -3*r + 40. Calculate the greatest common factor of r and 220.
20
Let x be 2/(-5) - 4254/(-10). Suppose -5*o = -4*w + x, w + 3*o - 54 = 31. What is the highest common divisor of 40 and w?
20
Suppose -h - 16 = 2*g, 5*g - g - 24 = 5*h. Let q = -3 - h. Calculate the greatest common factor of q and 15.
5
Suppose 5*i = p + 2*i + 7, 4*i = 8. Let v be (-2 - 12)*p - 2. Let h = v - 1. What is the greatest common factor of h and 11?
11
Let k(t) = 3 - 6*t + 13 - 7 + 13. Let s be k(-15). Calculate the highest common divisor of s and 14.
14
Let m be (-7 + 183)/(-2 + 4). Calculate the highest common divisor of 11 and m.
11
Let i(k) = 3*k**2 + 3*k - 2. Let y be i(-6). Let c(r) = r**3 + 22. Let a be c(0). Calculate the highest common factor of y and a.
22
Suppose -12 = -2*k - 5*l, 3*l + 92 = 2*k + 3*k. Suppose -4*i + k + 8 = 0. Calculate the greatest common factor of i and 15.
3
Suppose 123 = 5*w - 157. Calculate the greatest common divisor of 8 and w.
8
Suppose 4*j + 12 - 4 = 0, 5*s = j + 52. Let a be 6/(-21) + 72/7. Calculate the greatest common divisor of a and s.
10
Suppose -5*d - 15 = 4*x, -x = 4*d + 4*x + 21. Let k = 1 + d. Suppose -k*s - 3*s = -225. Calculate the greatest common divisor of 5 and s.
5
Suppose 186*y + 1364 = 190*y. Calculate the highest common divisor of y and 31.
31
Suppose -55 - 113 = -2*b + 4*p, 2*b = 2*p + 172. Let v = b + -18. Calculate the highest common divisor of 28 and v.
14
Let x be ((-1)/3)/(1/(-6)). What is the greatest common divisor of x and 4?
2
Let k be (98/(-4))/(-7)*10. Let s(p) = 8*p**3 - 2*p + 1. Let a be s(1). What is the highest common divisor of k and a?
7
Let o = 33 - -44. What is the greatest common factor of 11 and o?
11
Let v be (195/(-52))/((-1)/4). Calculate the highest common divisor of v and 3.
3
Let z = 25 + -46. Let p be (-56)/z*(-9)/(-4). Suppose -y - 3*d + 1 = 0, -5 = -5*y + 4*y + d. Calculate the greatest common divisor of y and p.
2
Suppose 7*b = 3*b + 96. Calculate the greatest common factor of b and 3.
3
Suppose s = -2*s + 153. Suppose 0 = 3*y - 3*t - 96, 5*y - s - 109 = -t. Suppose u + 40 = 6*u. What is the highest common divisor of u and y?
8
Let f(j) = 2*j**2 + j + 4. Let n be f(-3). What is the highest common divisor of n and 152?
19
Suppose 3*k + g - 10 = 2*k, k - 5*g = 28. What is the highest common divisor of 26 and k?
13
Let j(k) = k**2 + 14*k + 15. Let l be j(-13). Suppose -13 = -l*p + p. What is the greatest common divisor of 13 and p?
13
Let c be (-3)/(1 - (-4)/(-3)). What is the highest common factor of c and 12?
3
Let a(b) = -b**2 - 13*b - 12. Let c be a(-11). Suppose -76 + 1 = -5*g. What is the highest common divisor of c and g?
5
Let w = -30 + 39. Suppose -4*o + 82 = 10. Calculate the greatest common divisor of o and w.
9
Suppose -3*y + 0*p + 322 = -2*p, 554 = 5*y + p. Calculate the highest common divisor of 10 and y.
10
Let z be -1 - 5/((-10)/8). Suppose -4*w + z*l = -17, 5*l - 3*l - 4 = -5*w. Calculate the greatest common divisor of w and 8.
2
Let q = 21 - 21. Let l(y) = y**2 - 5*y + 4. Let z be l(5). Suppose 4*g - 96 = z*c, 5*c = -q*c. Calculate the greatest common factor of 16 and g.
8
Suppose 0 = -2*n - 5*a - 17, 4*a + 16 = -2*n + 4. Let j be 1*(1170/3)/(-2). Let g be j/(-6) + (-2)/n. Calculate the greatest common factor of 8 and g.
8
Suppose -2*q + 12 + 16 = -4*p, -5*q - 2*p = -46. What is the highest common divisor of q and 20?
10
Let y(t) = 3*t**2 + 6*t + 5. Let a be ((-1)/2)/(1/8). Let m be y(a). Let r = m + -17. What is the greatest common divisor of r and 132?
12
Let m(z) = -z**2 + 8*z + 1. Let b be m(5). Suppose 3*t + t - b = 0. What is the highest common factor of 4 and t?
4
Let x = -22 - -16. Let f be (-8)/6*x/4. Suppose f = 4*b - 2. What is the highest common divisor of b and 1?
1
Let n be 7 + (-12 - -4) + 12. Let j be ((-12 - -1) + 0)*-4. Calculate the highest common divisor of j and n.
11
Let k be -21*((-232)/(-3))/(-8). What is the highest common divisor of 29 and k?
29
Let n be 4/16 + 326/8. What is the greatest common factor of n and 287?
41
Let k = 8 + -6. Let c be (k - -1) + (-3 - -3). What is the highest common factor of 30 and c?
3
Suppose 126 = 3*w + 2*l, -5*l - 113 = -5*w + 72. Suppose 5*h + 0*h + 20 = z, -z = 4*h + 7. What is the greatest common factor of z and w?
5
Let t = 31 - 17. Let s(q) = 194*q**3 + 1. Let h be s(-1). Let w = 347 + h. Calculate the highest common divisor of t and w.
14
Let q(h) = -h**3 - 10*h**2 - 13*h - 22. Let y be q(-9). Let u be -11 + y - (-102)/1. Suppose -3*v = v - 60. What is the greatest common factor of u and v?
15
Suppose -36 = 2*s - 0*s. Let t be (s/(-2))/((-9)/(-30)). What is the greatest common divisor of 20 and t?
10
Let g be (3 - 2)/1 - -3. Suppose g*n = -n + 60. What is the greatest common factor of 132 and n?
12
Suppose -3*x = -2*x. Suppose r + x = 17. What is the highest common factor of r and 85?
17
Suppose 1 = 2*c - 0*c - a, a + 3 = 3*c. Let d = c - 2. Suppose d = -4*y - 3 + 39. Calculate the highest common divisor of y and 1.
1
Suppose 3078 = -f - 483. Let w be (-3)/(-18) + f/(-18). What is the highest common factor of 18 and w?
18
Let m be 2*(308 + -3 + 2). Let s = m + -416. Suppose -102 = -5*f + 2*i, -2*f - i + 52 = i. Calculate the greatest common divisor of s and f.
22
Let q be (-460)/(-25) + (-12)/30. Calculate the greatest common factor of q and 9.
9
Let w be (-2)/4*16/(-8). What is the highest common divisor of w and 4?
1
Suppose 202 - 178 = 3*u. Let r(b) = 5*b**2 + 5*b + 2. Let n be r(-3). Calculate the highest common factor of n and u.
8
Let l(v) be the third derivative of v**4/24 + v**3/6 - 2*v**2. Let o be l(0). What is the greatest common divisor of o and 3?
1
Suppose 14 + 10 = 6*j. Calculate the highest common divisor of 44 and j.
4
Suppose 0*q - 3*g + 18 = 2*q, 4*g = -2*q + 14. Suppose 8*u + 3 = 9*u. What is the highest common factor of q and u?
3
Let q(x) = 10*x**3 - x**2 - x + 1. Let v be q(1). Let l be (-6)/(-5)*20/6. Let o be ((-81)/1)/(-5 + l). Calculate the greatest common divisor of v and o.
9
Let y(m) = 91*m**2 - m + 4. Let f(b) = 91*b**2 - 2*b + 5. Let a(u) = -3*f(u) + 4*y(u). Let j be a(-1). What is the greatest common factor of j and 10?
10
Let g(l) = l + 9. Let h be g(-6). Let u be ((-6)/4)/(h/(-18)). Calculate the greatest common factor of u and 45.
9
Let p(a) = -a**2 + 7*a + 4. Let i be p(6). Suppose 4*j = 4*b + 284, 3*j - 312 = 4*b - 98. What is the greatest common factor of j and i?
10
Suppose -5*i + 1033 = 308. Calculate the highest common factor of 29 and i.
29
Suppose 3*w - 324 = -w - 2*x, 4*x - 8 = 0. What is the highest common factor of 16 and w?
16
Let v be ((-6)/8)/((-2)/8). Suppose 4*g - 63 - 5 = 2*s, -5*g + 4*s + 88 = 0. Let y = 17 - g. What is the highest common divisor of y and v?
1
Let i be 48*3*4/18. Suppose 16 = 5*y - 3*y. Calculate the greatest common divisor of y and i.
8
Suppose 5*x = g - 34, -5*x = 3*g - 143 + 41. What is the greatest common factor of 68 and g?
34
Suppose -8 = -2*s - 0, 4*p + s - 1612 = 0. Let t = p - 282. Calculate the greatest common divisor of t and 12.
12
Let r(o) = -8*o - 1. Let g be r(3). Let y = g + 49. Calculate the greatest common divisor of 36 and y.
12
Let t(d) = -45*d - 4. Let l be t(-4). What is the highest common factor of 16 and l?
16
Let b be (-15)/(-6)*(1 + 1). Suppose b*g = g + 8. Let t(n) = n**3 - 2*n + 2. Let o be t(g). What is the greatest common factor of 9 and o?
3
Let l be 8/(-3)*6/(-4). Suppose l*z = -2*j + 32, -2*j = 6*z - z - 40. Let n = 16 - z. What is the greatest common divisor of n and 88?
8
Let q be 46/2*(2 - 1). What is the greatest common divisor 